uppose -g = -2*g - 2. Let o be 12/j*5/g. Let x(t) = t**3 - t**2 - t - 2. Determine x(o).
0
Suppose 0*q + 20 = -4*q - 4*w, 4*q + 5*w = -19. Let d = q - -9. Let r(n) = -3 + 2 - n - d. Calculate r(3).
-7
Let g(c) = 3*c + 1. Let p(z) = -6*z - 2. Suppose 61 = -3*j + m, m + 38 = -2*j - m. Let h = j - -11. Let a(q) = h*g(q) - 4*p(q). Determine a(2).
-7
Let j(g) = 2 - 10 + 10 + 5*g**2 - 4*g + g**3. What is j(-6)?
-10
Suppose 4*v = -3 - 9. Let k(i) = -i - 4. Give k(v).
-1
Let h(j) = j**3 - 6*j**2 - 6*j - 5. Let n = -7 - 1. Let u = 15 + n. What is h(u)?
2
Let k(y) = -4*y - 3*y - y. Suppose -2 = 4*d - 6*f + 3*f, -4*d = f - 6. Calculate k(d).
-8
Suppose 2*g + 8 = 5*g - 4*w, 4 = 4*w. Let o(k) = k**3 - 4*k**2 + 5. What is o(g)?
5
Let a(d) = -d - 3. Let l(n) = -n**2 + 3*n + 4. Let f be l(4). Let m be f*3*2/12. Determine a(m).
-3
Let t(m) be the second derivative of m**5/20 - 7*m**4/12 + 5*m**3/6 - m**2 + 25*m. Calculate t(6).
-8
Let c(l) = -l + 2*l - 7*l + 5*l + 12. What is c(7)?
5
Let h(z) = z**2 - z + 3. Let g(l) = 2*l**2 - 3*l. Let x be g(2). Let s(r) = x + 2*r + 1 - 6*r + r**2. Let b be s(3). Give h(b).
3
Let z(j) = -2*j**3 - 7*j**2 + 9*j + 1. Let u(n) = -3*n**3 - 7*n**2 + 10*n. Let f(a) = -3*u(a) + 4*z(a). Determine f(6).
4
Suppose 4*k = b - 12, 2*b - 6 = 2*k - 2*b. Let d(y) = y**3 + 3*y**2 - 2*y - 1. Determine d(k).
5
Let u(s) = -s**2 + 2*s - 5. Let o(w) = -w**2 + 3*w - 5. Let q(a) = 5*o(a) - 6*u(a). Calculate q(-5).
15
Let a(q) = q - 4. Let u be a(0). Let s(p) = 3*p**3 + 3*p - 4*p**3 - 17*p**2 + 1 + 14*p**2. Calculate s(u).
5
Let x(s) be the second derivative of -s**5/20 + s**3/6 - s**2/2 - 14*s. Give x(-2).
5
Let v(j) = -3*j**2 + 3*j**2 + 0*j**3 + 3 + j**3 + 8*j**2. Determine v(-8).
3
Let z(r) = 3*r - 7*r**2 + 0*r + 3 + r**2 + 4*r**2. Determine z(3).
-6
Let q(t) = -t**3 + 2*t - 3. Suppose -z - 1 + 2 = 2*g, 5*z + 4*g + 7 = 0. Give q(z).
18
Let q(s) = -s**2 - 2*s + 3. Suppose 4*j - 13 = j - 2*a, 5*a = 4*j - 2. What is q(j)?
-12
Suppose 4*d + 0 + 10 = -2*z, 2*d = -5*z - 25. Suppose d = -h + 3 - 0. Suppose 28 = 4*m + 5*n + h, 0 = -3*n + 3. Let w(p) = -p**3 + 6*p**2 - 5*p - 6. Give w(m).
-6
Suppose -3*n - 5*n = -16. Let z(d) be the third derivative of -1/6*d**4 - n*d**2 + 1/12*d**5 + 0*d + 0 - 1/120*d**6 + 1/3*d**3. What is z(4)?
2
Let r = -17 + 25. Let q(b) = -10*b + b + r*b. Calculate q(3).
-3
Let w(q) = 2*q**3 - 2*q**2 + q + 1. Let x be 1/(0 - 3/(-12)). Let v = x - -1. Suppose -a + v*d - 18 = 0, 4*a + d = 8 + 4. Calculate w(a).
11
Let b(p) = 3*p - 3. Let n be b(2). Let a(y) = -n*y + 4 - y**2 + 0 - 1. Let j(h) = -h**3 - 9*h**2 - 3. Let u be j(-9). Determine a(u).
3
Let r(s) = s**3 - 2*s**2 - 3. Let v(n) = -n**2 - 1. Let q(x) = r(x) - 2*v(x). Give q(2).
7
Let s(u) = -u**3 - 5*u**2 + 2. Let n(z) = -10*z. Let w(b) = b. Let f(i) = 6*n(i) + 55*w(i). Let r be f(1). Calculate s(r).
2
Let g(b) = -2*b**3 - 21*b**2 + 21*b - 11. Let j(a) = -a**3 - 10*a**2 + 10*a - 5. Let u(x) = 6*g(x) - 13*j(x). Give u(-5).
-6
Suppose 9 - 13 = a. Let o(l) = l**3 + 5*l**2 + 6*l + 6. Calculate o(a).
-2
Let c(p) be the first derivative of p**7/840 + p**6/180 + p**5/60 + p**4/12 - 4*p**3/3 + 2. Let t(j) be the third derivative of c(j). Calculate t(-3).
-13
Let b(i) be the third derivative of -i**5/120 + 13*i**4/24 - 5*i**3/6 - i**2. Let k(c) be the first derivative of b(c). Determine k(6).
7
Let k(n) = 2*n + 9. Let t be k(-6). Let o(f) = f**3 + 4*f**2 + 5*f + 4. Determine o(t).
-2
Let w(r) = r**2 + r + 3. Let i(z) = z - 8. Let c be i(11). Suppose 0 = -2*u + u - c. What is w(u)?
9
Let h be (1 - 0)/1 + -3. Let a be 14/3 - h/(-3). Suppose -a*c + c = -9. Let x(g) = g**2 - 2*g - 1. What is x(c)?
2
Let b(j) = 3*j + 2. Suppose -4*o = -9*o - 20. Let m be b(o). Let a be (m/(-6))/((-1)/3). Let p(t) = -t**3 - 6*t**2 - 7*t - 4. What is p(a)?
6
Let w(f) = -5 + 9 + f + 0. Give w(-4).
0
Let m = 37 - 42. Let x(i) = 4*i + 6. Determine x(m).
-14
Let n(z) = z**2 - 5*z + 4. Suppose -16 = -2*o - 6. Calculate n(o).
4
Let d(p) = -p**3 - 2*p**2 + 3*p + 3. Suppose 0 = -23*r + 27*r + 8. What is d(r)?
-3
Let x(j) = 5*j**3 + 2*j**2 - 2*j + 1. Let l be x(1). Let b = -3 + l. Let i(f) = -f**2 - b*f + 7*f - 3*f. Give i(2).
-2
Let f(t) be the second derivative of t**5/20 + t**4/4 + t**3/6 + t**2 - 28*t. Determine f(-2).
4
Let u(i) = -i**3 - 6*i**2 - 5*i + 4. Suppose -2*r = -5*k + 84, 0 = 5*k - 3*r - 0*r - 81. Let y be (k/(-2))/((-9)/12). Let f be 2/(-3) + (-52)/y. What is u(f)?
4
Let h(b) = 8*b**2 + b - 4. Let l(t) = -t**2 - 7*t + 1. Let g be l(-5). Let v(q) = -23*q**2 - 3*q + 11. Let o(k) = g*h(k) + 4*v(k). Give o(-1).
-3
Suppose 9*r = 9*r - 4*r. Let v(m) = -m**2 + 10. Give v(r).
10
Let k be (-15)/(-21) - 1 - (-38)/(-14). Let s(v) = v**3 + 3*v**2 + v - 3. Give s(k).
-6
Let h = 9 - 6. Let v = 1 + h. Let o(s) = 1 + 3 + s - 1 + v*s. Determine o(-2).
-7
Let y(k) = 5*k - 3. Let z(j) = 14*j - 10. Let p(s) = -7*y(s) + 2*z(s). What is p(1)?
-6
Let f(a) = 7*a**2 - 5*a - 3. Let o(k) = 6*k - 8*k**2 - 21 + 24 - k. Let h(t) = -7*f(t) - 6*o(t). Calculate h(5).
3
Let o be (2/(-8))/(2/(-56)). Let m(i) = -i**3 - 2*i**2 + i + 5. Let j(a) = -2*a**3 - 3*a**2 + a + 9. Let v(z) = o*m(z) - 4*j(z). What is v(2)?
5
Let j = 5 - 6. Let t(k) = -k - 2. Let l be t(j). Let a(z) = 6*z - 1. Give a(l).
-7
Let l(v) = v**2 - v + 1. Let n(x) = -x**3 - 8*x**2 - 5*x + 4. Let d(s) = -l(s) - n(s). Calculate d(-6).
-5
Let y be (270/(-36))/((-3)/4). Let n(m) = m**3 - 10*m**2 - m + 9. Determine n(y).
-1
Let z(s) be the first derivative of -s**4/4 - s**3/3 + 2*s**2 + 2*s + 6. Let o be (0 - 2/4)*6. Give z(o).
8
Let q = -6 + 4. Suppose -4*d = 8 - 0. Let i(r) = -10*r**3 - 16*r**2 + 7*r + 10. Let x(o) = 3*o**3 + 5*o**2 - 2*o - 3. Let b(w) = d*i(w) - 7*x(w). Give b(q).
-3
Let b(s) = 3*s**2 - 5*s**2 + s**2 + 5*s - 3. Suppose -3*r - 10 = -5*x + 6, r + 3*x - 18 = 0. What is b(r)?
3
Let g = 67 - 75. Let j(v) = v + 2. Determine j(g).
-6
Let s be 10*(-1)/(-4)*2. Suppose s*c + 4 = -11. Let r(g) be the third derivative of -g**5/60 - g**4/8 - g**3/6 - g**2. What is r(c)?
-1
Let r(b) = -b - 9. Let q be -1 + (0 - 0) + -7. Let i(y) = 0*y**2 + 0 + 2*y**2 - 8 - 9*y - 3*y**2. Let l be i(q). What is r(l)?
-9
Let r(f) be the third derivative of 3*f**2 + 0*f + 0 + 1/2*f**3 + 1/12*f**4. Suppose -8 = -2*l - 2*l, 28 = -4*b + 4*l. What is r(b)?
-7
Let u(k) = -11*k**2 + 9*k + 3. Let g(x) = 7*x**2 - 6*x - 2. Let d(i) = -8*g(i) - 5*u(i). Let n = -71 + 74. What is d(n)?
1
Let v(x) = x**2 + 5*x - 1. Let p be (-18)/81 - 61/9. Determine v(p).
13
Let z = 3 - 5. Let c(j) = -j**3 + 9*j**2 + j - 7. Let o be c(9). Let m(f) = f + 3 - 3*f + 4*f + 2*f**3 + 3*f**o. Determine m(z).
-5
Suppose v - 6 = 2*a, 5*a + 6*v + 6 = 4*v. Let o be -3*a*(-10)/(-12). Let x(y) = -y**2 + 4*y - 3. Give x(o).
-8
Let r = -6 + 8. Suppose b = 3*b + r. Let g be (-5 - b) + -1*1. Let i(v) = -v - 6. Determine i(g).
-1
Let g(j) = 3*j**2 - 7. Suppose -6*r = -r + 25. Let u(p) = p**2 - 4. Let v(h) = r*u(h) + 3*g(h). Give v(1).
3
Let c(d) be the first derivative of -d**2/2 - 4*d + 10. Let l = -6 - -2. Calculate c(l).
0
Let f(b) = b**3 + b**2 - b. Let q(j) = -4*j - 1. Let s(d) = 2*f(d) - q(d). Let t be 4/(-22) - (-160)/(-88). Let u be (t - (-3 - -2))/1. Calculate s(u).
-1
Let k be 4/10 + -74*3/30. Let s(v) = -v - 7. Determine s(k).
0
Let n(l) be the second derivative of -l**5/20 - l**4/3 + l**3/2 + 5*l**2/2 + 27*l + 2. Calculate n(-4).
-7
Let n(k) = -k**3 - 2*k**2 + 7*k + 2. Let v(d) = 3*d**3 + 5*d**2 - 22*d - 7. Let z(s) = 7*n(s) + 2*v(s). Calculate z(-5).
0
Suppose 5 = w + 2. Suppose w*n + 8 = n. Let j(v) = v**2 + 7*v + 5. Determine j(n).
-7
Let g(w) = w**3 - 5*w**2 + 4*w + 3. Let d be g(4). Let n(j) = -j**3 + 4*j**2 - 2*j + 1. Let l be n(d). Let f(h) = -2 - 3*h + l*h + 2*h. What is f(3)?
7
Let y(z) = z**3 + 7*z**2 + 5*z + 2. Let t(h) = -h - 20. Let l be (-2)/4 + (-27)/2. Let r be t(l). Calculate y(r).
8
Let f(j) = j**2 - 7*j - 6. Let u be f(8). Suppose -l = u*l. Let d(m) = 4*m + 0*m - 5 - 5*m. Determine d(l).
-5
Suppose g - 22 = 4*o, 0 = -5*g + o - 5*o - 10. Suppose -5*c + 3*y = -17, -y + 10 = 2*c + y. Let u(b) = b + 2*b - c*b. Determine u(g).
-2
Let w(s) be the third derivative of s**6/120 - s**5/10 + 7*s**4/24 - 7*s**3/6 - s**2. Suppose -3*f - 29 = -4*y, 5*y - 28 = f - 0*f. What is w(y)?
3
Let f(v) = v**3 + 3*v**2 - 2. Suppo